= t, 0 = 4*j + 2 + 6. Suppose -o*f + 55 = -r, -2*f - 2*f - 3*r = -44. List the prime factors of f.
11
Suppose -4*a + 335 = -193. What are the prime factors of a?
2, 3, 11
Let d(y) = 2*y**2 + y - 1. Let f be d(2). Suppose o + 15 = 3*h, 0 = -0*o + 3*o - f. List the prime factors of h.
2, 3
Let x(q) = 2*q**3 - q + 1. What are the prime factors of x(2)?
3, 5
Let h = 4 - -14. What are the prime factors of h?
2, 3
Let t = -35 - -90. Let n = t - 37. Suppose n = 5*a - 12. List the prime factors of a.
2, 3
Let y = 63 + -8. List the prime factors of y.
5, 11
Let y(n) = n**2 - 4*n - 27. List the prime factors of y(12).
3, 23
Suppose 0 = o - 3*o + 16. What are the prime factors of o?
2
Let i be (-1)/2*2 - 26. Let s = -16 - i. Let p = -8 + s. List the prime factors of p.
3
Suppose a - 22 = 4. What are the prime factors of a?
2, 13
Suppose 0 = -3*u + 7*u - 276. List the prime factors of u.
3, 23
Let n(l) = -l**2 + 9*l. List the prime factors of n(8).
2
Let t be (-12)/(-4) - (-1 + -27). Suppose 11 = -s + t. List the prime factors of s.
2, 5
Let m = -3 + 5. Suppose -m*j - 2*x + 58 = 0, -82 = -3*j + 3*x - x. Let r = j - 17. List the prime factors of r.
11
Let k = 0 - 1. Let m be -1 - (-2 - 57*k). List the prime factors of m/(-6) - 1/3.
3
Let f be (-14)/(-63) - (-232)/9. List the prime factors of f - (0 - (2 + -2)).
2, 13
Suppose -4*z = 3*x - 5*z + 9, 3*x = 4*z - 9. Let r be (12/(-5))/(x/15). What are the prime factors of 4/(r/27) + 1?
2, 5
Let b be (-1*6)/2 - -17. Suppose 3*k - b = -2*o, -4*k + 0*o = -2*o - 14. What are the prime factors of k?
2
Let s = -3 + -6. Let a be (-508)/(-18) - (-2)/s. What are the prime factors of a/5 - (-2)/5?
2, 3
Let c(r) = 12*r. Suppose -3*j = -12 + 39. Let k be (-7)/j - (-2)/9. What are the prime factors of c(k)?
2, 3
Suppose -33 = -2*n - 5*k, -2*n + 4*k = n - 38. Suppose 0 = -4*b + n - 2. What are the prime factors of b?
3
Let v = -32 + 36. What are the prime factors of v?
2
Suppose 0 = -3*k - 13 - 17. Let h = k - -12. List the prime factors of 9/h*4/6.
3
Let c(m) = -m**3 - m - 1. Let l be c(0). Let h = l - -4. What are the prime factors of h?
3
Suppose n - 4*b = -7, 11 = 5*n - 3*b + 6*b. List the prime factors of n + -1 + 9 + 1.
2, 5
Suppose 0 = -2*f + 84 - 4. What are the prime factors of f?
2, 5
Suppose -4*n = -10*n + 330. What are the prime factors of n?
5, 11
Suppose -x - 2*d = -23 + 4, -42 = -2*x - 3*d. List the prime factors of x.
3
Suppose 1 + 5 = 3*r. Let a(n) = -n**2 + 8*n - 8. Let s be a(6). Let f = s + r. List the prime factors of f.
2, 3
Let s(c) = 17*c**2. What are the prime factors of s(-2)?
2, 17
Suppose 4*o + 0*o - 16 = 0. Suppose 4*v - 5*w - 5 = 1, 5*v = o*w + 3. List the prime factors of ((-6)/v)/(3/3).
2, 3
Let y = -6 + 66. List the prime factors of y.
2, 3, 5
Let c = 6 + -9. Let o be (3 + c)/(2/(-2)). Suppose -2*z + z + 11 = o. What are the prime factors of z?
11
What are the prime factors of 79/(1 - -4 - 4)?
79
Let w(x) = -4*x + 10. Let z(f) = 1. Let a(q) = -w(q) + 4*z(q). What are the prime factors of a(4)?
2, 5
Let k = -33 + 97. What are the prime factors of k?
2
Let h(k) = 33*k + 1. Let r(g) = g**2. Let t be r(-1). List the prime factors of h(t).
2, 17
Let q = -3 - -3. Suppose 2 = -5*s - 0*f - 3*f, -4*f - 16 = q. List the prime factors of s.
2
List the prime factors of ((-6)/(-9))/((-1)/(-6)).
2
Suppose -8*h + 10*h - 524 = 0. What are the prime factors of h?
2, 131
Suppose 4*u - 7 = k, 6*u = 3*u + 9. Suppose -2*w + 0 + 8 = 2*n, 0 = 5*n - k*w. Suppose 0 = -n*s - 0*s + 6. What are the prime factors of s?
3
Let g be 6/4*12/9. Suppose 32 = 5*i - 4*n, -2*i + 10 + 4 = -g*n. Suppose i*p = -0*p + 48. What are the prime factors of p?
2, 3
Suppose -g = -7*a + 2*a + 270, 78 = a - 5*g. List the prime factors of a.
53
Let u(l) = 51*l**2 + 2*l - 1. Let v be (-2 + -1 - -4)*1. What are the prime factors of u(v)?
2, 13
Let x be 2/(-9) - (-60)/27. Let o = x - -2. Let t = 9 - o. List the prime factors of t.
5
Let g be -6*(5/2)/(-5). Let m be (-2)/6 + 10/g. Suppose r + 4*i + 18 = 0, -2*i = 4*r - i - m. List the prime factors of r.
2
Suppose -5*w + 0*z + 2*z + 50 = 0, w + z = 10. Let m be ((-3)/2)/((-3)/w). Suppose -m*v + 5 = 0, -j + 3 = -0*j + v. List the prime factors of j.
2
Let g = -6 + 8. Let n = 5 - g. List the prime factors of n.
3
Suppose -2*q = 2*w - 138, -2*w + 425 - 92 = 5*q. List the prime factors of q.
5, 13
Let u = 4 - -1. Suppose 17 = 2*n - n + 5*v, -2*n - u*v = -19. Let l = 8 - n. What are the prime factors of l?
2, 3
Let k = 9 + -4. Suppose 4*h + 3*m + 30 = 7*h, -k*m - 30 = -3*h. What are the prime factors of h?
2, 5
Let u be (-27)/(-3)*10/3. Let r = u - -1. Suppose -1 = -t, 2*t = -3*y + 7*t + r. What are the prime factors of y?
2, 3
Let c(d) = d**3 - 6*d**2 - 9*d + 10. Let i be c(7). Let q = -12 + 27. Let p = q + i. What are the prime factors of p?
11
Let k(y) = y**2 - 15*y + 9. Let d be k(14). Let n(u) = -4*u - 6. What are the prime factors of n(d)?
2, 7
Let s be 1/((-7)/(-2))*7. Suppose -i - s*i = -33. List the prime factors of i.
11
Let p(r) = -r**3 + 4*r**2 - 3*r + 2. Let x be p(3). Suppose -g - 27 = -3*b, -3*b - x*b = -2*g - 46. What are the prime factors of b?
2
Let p be 0/1 + (0 - 3). List the prime factors of 3/(27/(-159))*p.
53
Suppose 0 = -p + 4 + 63. Let t = p + -46. What are the prime factors of t?
3, 7
Let x(c) = c - 2. Let w be x(-8). Let y = 15 + w. What are the prime factors of y?
5
Let o be (1 - (1 + 0))*1. Let b = o - -5. List the prime factors of b.
5
Suppose -2*j + 425 - 35 = 0. What are the prime factors of j?
3, 5, 13
Let p = 5 + -8. Let y(k) = -3 + 2 + 0 - 3*k. What are the prime factors of y(p)?
2
Suppose -34 - 1 = -5*a. Suppose a*y = 3*y + 12. What are the prime factors of y/(-2)*(-42)/9?
7
Suppose x - 1 = 48. List the prime factors of x.
7
Suppose -11 = -3*k - c, -c - 41 = -5*k + 3*c. Suppose -k*o - 5*d + 5 = 0, -2*o + 2*d + 4 + 18 = 0. What are the prime factors of o?
2, 3
Let z = 104 - 1. List the prime factors of z.
103
Let r(d) = 8*d**2 + 3*d - 3. Let v be r(2). Let m = -8 + v. Suppose -4*i - 3*n = -27, n = 5*i - 2*n - m. What are the prime factors of i?
2, 3
Let m = 20 - -21. What are the prime factors of m?
41
Suppose -18*f + 8*f + 1090 = 0. What are the prime factors of f?
109
Let s(l) = -10*l**3 - 2*l**2 - l. Let m = 4 - 5. List the prime factors of s(m).
3
Let q(u) = -2*u + 8. Let l(g) = -g**2 + 6*g - 7. Let x be l(5). Let w(y) = -y + 9. Let h(b) = x*q(b) + 3*w(b). What are the prime factors of h(0)?
11
Suppose -5*y - 2*f = -40, 2*f + 2 + 0 = 2*y. What are the prime factors of 1/3 + 40/y?
7
Suppose -5*m + r = -345, 2*m - 60 = m + 2*r. List the prime factors of m.
2, 5, 7
Suppose -4*i = 0, -2*o + 0*o = -i. Suppose 26 = -o*w + 2*w. List the prime factors of w.
13
Let c(b) = -2*b**2 + 16*b + 7. What are the prime factors of c(8)?
7
What are the prime factors of 32/2 - (5 - 5)?
2
Suppose 2*i - 4*j + 0 - 20 = 0, 3*i = -2*j - 10. Suppose p - 3*a - 8 = i, p = -3*p - 5*a + 32. What are the prime factors of p?
2
Let c = 106 + -70. What are the prime factors of c?
2, 3
What are the prime factors of (-4 + -2)*(-6)/9?
2
Let s(b) = -2*b + 6. Let n be s(5). Let w = n + 23. List the prime factors of w.
19
Let r = -39 + 41. List the prime factors of r.
2
Let g(v) = 2*v + 2. Let h be g(8). Let c = 102 - h. What are the prime factors of ((-1)/3)/((-2)/c)?
2, 7
Let r be -3 - (-1 - 20/(-2)). Let x = -9 - r. List the prime factors of x.
3
Let r(t) = 2*t**3 - 3*t**2 - 5*t + 4. What are the prime factors of r(6)?
2, 149
Let l(w) = w**2 - 1. Let f be l(2). Suppose 2*i = f*i - 4. List the prime factors of i.
2
Suppose 3*o = 83 + 76. What are the prime factors of o?
53
Let l = 6 + -1. Let n = l - 3. Suppose 2*c + 74 = 3*d, n*d + 4*c - 28 = -0*d. List the prime factors of d.
2, 11
Let x = -48 - -80. What are the prime factors of x?
2
Suppose 3*f = 12, 0*d - 379 = -3*d - 4*f. Suppose 3*k - z + 23 = 4*k, -5*k = 3*z - d. Suppose -2*p = o - k, -5*o + 0 = p - 22. List the prime factors of p.
2, 3
Let w(x) = 2*x**2 - 1. Let h be 2 + 0 - (-2 + 0). Let i be -3*h/(-6) - 4. List the prime factors of w(i).
7
Let k = -9 + 5. Suppose -4*f + 11 - 3 = 0. Let q = f - k. What are the prime factors of q?
2, 3
Let z = -6 + 8. Suppose -2*s = 4*c + 4, 2*s + z = -4*c + s. Suppose 5*m - m - 20 = c. What are the prime